 41 a factor of 635825786?
True
Does 337 divide 724970456?
False
Is 43136048 a multiple of 1540?
False
Is 902155690 a multiple of 478?
True
Is 215 a factor of 133878520?
False
Does 13 divide 1579157235?
False
Is 405 a factor of 411503895?
True
Is 48688263 a multiple of 13?
True
Does 118 divide 3047169460?
True
Is 35390005 a multiple of 2?
False
Does 3019 divide 244819767?
True
Is 175 a factor of 754619775?
True
Does 4435 divide 123390578?
False
Is 45502104 a multiple of 2573?
False
Is 74 a factor of 1467714658?
False
Is 7273031 a multiple of 112?
False
Is 406397530 a multiple of 77?
True
Is 58522046 a multiple of 100?
False
Does 617 divide 393786315?
False
Is 489389859 a multiple of 963?
True
Does 201 divide 52555470?
True
Is 134 a factor of 285648382?
False
Does 4 divide 105358028?
True
Is 68060566 a multiple of 7?
True
Does 792 divide 38738544?
False
Is 522351190 a multiple of 504?
False
Is 123435722 a multiple of 18?
False
Is 1801 a factor of 3113415?
False
Is 9 a factor of 69354360?
True
Is 947145 a multiple of 271?
True
Does 45 divide 299556344?
False
Is 39452363 a multiple of 615?
False
Is 54 a factor of 16344449?
False
Is 110342225 a multiple of 175?
True
Is 139898187 a multiple of 99?
True
Is 418992946 a multiple of 247?
False
Is 32992270 a multiple of 5?
True
Is 629 a factor of 29370189?
False
Is 2 a factor of 1071983?
False
Is 279 a factor of 449620497?
True
Does 35 divide 1639727189?
False
Is 185 a factor of 73210403?
False
Is 908394 a multiple of 101?
True
Is 86831584 a multiple of 8?
True
Is 49 a factor of 36072918?
True
Is 63304644 a multiple of 52?
True
Is 137631334 a multiple of 433?
False
Is 152041526 a multiple of 38?
False
Is 4333 a factor of 610498035?
True
Is 5338962820 a multiple of 6940?
True
Does 6074 divide 1047208093?
False
Is 20 a factor of 75863000?
True
Is 9 a factor of 355083543?
True
Is 11 a factor of 805585506?
True
Does 2588 divide 1605126772?
True
Is 74 a factor of 98566311?
False
Does 109 divide 47774046?
True
Does 43 divide 1667017292?
True
Does 356 divide 36327443?
False
Does 141 divide 51563158?
False
Is 50 a factor of 16208800?
True
Is 459 a factor of 361658?
False
Is 26 a factor of 58785639?
False
Is 2958 a factor of 883669962?
True
Is 144 a factor of 89045618?
False
Is 32 a factor of 86654592?
True
Does 26 divide 181122422?
True
Is 584 a factor of 49461200?
False
Does 479 divide 44569124?
False
Does 183 divide 163908525?
True
Is 18 a factor of 50979906?
True
Does 2 divide 1508026?
True
Is 9 a factor of 2728452?
False
Is 296467049 a multiple of 5?
False
Does 243 divide 115798089?
False
Is 22 a factor of 2068979?
False
Is 99370847 a multiple of 243?
False
Is 498054013 a multiple of 98?
False
Is 328382215 a multiple of 1959?
False
Does 4033 divide 30908912?
True
Is 50 a factor of 1466499252?
False
Is 85 a factor of 82343495?
True
Is 37 a factor of 34927866?
False
Does 628 divide 380359504?
True
Is 412 a factor of 74358584?
True
Does 64 divide 11764544?
True
Does 2 divide 448033116?
True
Is 371428648 a multiple of 169?
False
Is 10 a factor of 16421880?
True
Is 50365638 a multiple of 867?
False
Is 263 a factor of 323871876?
True
Is 378435709 a multiple of 30?
False
Is 241083792 a multiple of 48?
True
Does 395 divide 56547735?
False
Is 25 a factor of 16944321?
False
Does 3 divide 287949921?
True
Is 34009920 a multiple of 1440?
True
Is 1511948 a multiple of 1754?
True
Is 287 a factor of 170433802?
True
Is 1848706368 a multiple of 7557?
False
Is 161974937 a multiple of 2678?
False
Does 5 divide 15446817?
False
Is 217659344 a multiple of 506?
False
Is 395 a factor of 8353421?
False
Is 26 a factor of 685744852?
True
Does 261 divide 20764638?
True
Is 667133400 a multiple of 5?
True
Is 20225271 a multiple of 458?
False
Is 20431152 a multiple of 9?
True
Is 58 a factor of 41056518?
True
Does 14 divide 1053772006?
True
Is 37975183 a multiple of 235?
False
Is 10 a factor of 486239286?
False
Is 97 a factor of 176298082?
True
Is 664506936 a multiple of 9?
True
Does 37 divide 69530039?
False
Is 8803 a factor of 1250809467?
True
Is 2206524324 a multiple of 12?
True
Is 42509596 a multiple of 1255?
False
Is 137 a factor of 7613589?
False
Is 134 a factor of 416549184?
True
Is 163895247 a multiple of 361?
False
Is 39175088 a multiple of 1458?
False
Does 7010 divide 685541928?
False
Is 1320588109 a multiple of 7803?
False
Does 13 divide 1125015242?
True
Is 400 a factor of 24763200?
True
Does 118 divide 23151405?
False
Is 824742912 a multiple of 430?
False
Is 25 a factor of 45144650?
True
Does 838 divide 82729902?
False
Is 33606216 a multiple of 56?
True
Is 6073836 a multiple of 136?
False
Does 9 divide 68426595?
True
Is 1609 a factor of 142807460?
False
Is 183 a factor of 112100676?
True
Is 265 a factor of 720028320?
True
Is 1417 a factor of 92818671?
False
Does 90 divide 202245515?
False
Is 3 a factor of 167827644?
True
Is 743 a factor of 77716413?
False
Is 34423098 a multiple of 37?
True
Is 3649 a factor of 37865673?
True
Does 1199 divide 3429645?
False
Is 9196255 a multiple of 235?
True
Is 24 a factor of 22759894?
False
Is 568 a factor of 451639520?
True
Is 783 a factor of 115612299?
True
Does 1184 divide 6747671648?
True
Is 1509 a factor of 3898433595?
True
Does 81 divide 136557981?
True
Is 14 a factor of 15711487?
False
Is 5 a factor of 1500704878?
False
Does 530 divide 513177800?
True
Is 129 a factor of 147769154?
False
Is 296623253 a multiple of 7?
False
Is 13462723 a multiple of 35?
False
Is 20679840 a multiple of 3?
True
Does 1625 divide 1180403322?
False
Does 2600 divide 60291400?
True
Is 7 a factor of 10095491?
True
Is 15 a factor of 25912425?
True
Is 53922306 a multiple of 159?
True
Is 531463979 a multiple of 2567?
True
Is 69458252 a multiple of 23?
True
Does 349 divide 584240658?
True
Does 3 divide 35661085?
False
Does 347 divide 44998726?
False
Is 40 a factor of 741943840?
True
Is 1020254766 a multiple of 6?
True
Does 2005 divide 66012032?
False
Is 3 a factor of 454349?
False
Is 14 a factor of 62298473?
False
Does 163 divide 1777590958?
True
Is 130 a factor of 4124863990?
True
Is 11916371 a multiple of 51?
False
Is 12539532 a multiple of 3?
True
Is 200 a factor of 8195129?
False
Is 149 a factor of 665214970?
True
Is 4099797141 a multiple of 197?
True
Is 13 a factor of 9545809?
True
Is 74 a factor of 90458932?
True
Is 11 a factor of 15130335?
True
Is 614 a factor of 10564484?
True
Is 174489617 a multiple of 791?
False
Does 57 divide 966601611?
True
Is 1727 a factor of 25656312?
True
Does 175 divide 569712675?
True
Is 549 a factor of 166107552?
False
Is 3283617096 a multiple of 108?
True
Does 355 divide 9361350?
True
Is 1732 a factor of 109514360?
True
Does 343 divide 959236910?
False
Does 44 divide 24134047?
False
Is 25 a factor of 670640492?
False
Does 580 divide 107113773?
False
Does 82 divide 118265722?
False
Is 8 a factor of 798698272?
True
Does 429 divide 119097067?
False
Does 658 divide 18439134?
True
Is 187 a factor of 650595057?
False
Does 35 divide 3036852124?
False
Does 65 divide 3737940?
False
Is 35953949 a multiple of 6?
False
Is 27557338 a multiple of 1183?
False
Is 737 a factor of 110851744?
False
Is 9 a factor of 1078253754?
False
Is 96228619 a multiple of 23?
True
Is 309 a factor of 51234221?
False
Does 14100 divide 746374254?
False
Does 97 divide 1139058418?
False
Is 858940936 a multiple of 132?
False
Does 4 divide 282340904?
True
Is 1470 a factor of 1098936720?
True
Is 173 a factor of 125031771?
True
Is 3808 a factor of 26914944?
True
Does 7 divide 17037237?
True
Is 80918137 a multiple of 3622?
False
Is 3437 a factor of 1202121334?
False
Is 52225952 a multiple of 316?
True
Is 365 a factor of 495606308?
False
Is 44 a factor of 49663020?
True
Is 6 a factor of 25794073?
False
Is 13 a factor of 25871624?
False
Does 8 divide 2928584?
True
Is 5110044 a multiple of 62?
False
Is 1210 a factor of 1922103?
False
Is 18814456 a multiple of 2056?
True
Does 10 divide 646747861?
False
Is 9 a factor of 61925031?
True
Is 407 a factor of 151865131?
True
Is 273 a factor of 77414883?
True
Is 126062479 a multiple of 290?
False
Is 737 a factor of 574574044?
True
Is 362365 a multiple of 5?
True
Does 27 divide 3113478?
True
Does 1623 divide 56861912?
False
Is 1838673935 a multiple of 352?
False
Does 19 divide 105291